{"id":40,"date":"2021-12-23T00:15:35","date_gmt":"2021-12-23T03:15:35","guid":{"rendered":"https:\/\/wilsoncoelho.praxis.pro.br\/?page_id=40"},"modified":"2022-05-29T20:08:28","modified_gmt":"2022-05-29T23:08:28","slug":"nosotros","status":"publish","type":"page","link":"https:\/\/wilsoncoelho.praxis.pro.br\/index.php\/nosotros\/","title":{"rendered":"Nosotros"},"content":{"rendered":"<p><img loading=\"lazy\" decoding=\"async\" class=\"alignnone size-full wp-image-41\" src=\"https:\/\/wilsoncoelho.praxis.pro.br\/wp-content\/uploads\/2021\/12\/nosotros.png\" alt=\"\" width=\"433\" height=\"640\" srcset=\"https:\/\/wilsoncoelho.praxis.pro.br\/wp-content\/uploads\/2021\/12\/nosotros.png 433w, https:\/\/wilsoncoelho.praxis.pro.br\/wp-content\/uploads\/2021\/12\/nosotros-203x300.png 203w\" sizes=\"auto, (max-width: 433px) 100vw, 433px\" \/><\/p>\n<p><span style=\"color: #000000; font-size: 14pt;\">Nosotros, romance de Wilson Co\u00ealho. 312 p\u00e1ginas.<\/span><\/p>\n<p><span style=\"color: #000000; font-size: 14pt;\">Nosotros \u00e9 um livro sobre um homem e uma ilha. A ilha \u00e9 Cuba. O personagem nasce no mesmo ano da revolu\u00e7\u00e3o, 1959. E os destinos da luta e da vida se entrela\u00e7am em uma narrativa visceral, comovente, e, \u00e0s vezes hil\u00e1ria. Outra ilha, dessa vez Vit\u00f3ria, tamb\u00e9m est\u00e1 presente no livro, revelando os la\u00e7os entre o os cubanos e capixabas.<\/span><\/p>\n<p>&nbsp;<\/p>\n<p><img loading=\"lazy\" decoding=\"async\" class=\"alignnone size-full wp-image-193\" src=\"https:\/\/wilsoncoelho.praxis.pro.br\/wp-content\/uploads\/2022\/01\/Captura-de-tela-de-2022-01-17-15-01-31-1.png\" alt=\"\" width=\"787\" height=\"353\" srcset=\"https:\/\/wilsoncoelho.praxis.pro.br\/wp-content\/uploads\/2022\/01\/Captura-de-tela-de-2022-01-17-15-01-31-1.png 787w, https:\/\/wilsoncoelho.praxis.pro.br\/wp-content\/uploads\/2022\/01\/Captura-de-tela-de-2022-01-17-15-01-31-1-300x135.png 300w, https:\/\/wilsoncoelho.praxis.pro.br\/wp-content\/uploads\/2022\/01\/Captura-de-tela-de-2022-01-17-15-01-31-1-768x344.png 768w\" sizes=\"auto, (max-width: 787px) 100vw, 787px\" \/><\/p>\n<p>&nbsp;<\/p>\n<p>&nbsp;<\/p>\n","protected":false},"excerpt":{"rendered":"<p> <a class=\"more-link\" href=\"https:\/\/wilsoncoelho.praxis.pro.br\/index.php\/nosotros\/\">Leia mais&#8230; &raquo;<\/a><\/p>\n","protected":false},"author":1,"featured_media":0,"parent":0,"menu_order":0,"comment_status":"closed","ping_status":"closed","template":"","meta":{"_price":"","_stock":"","_tribe_ticket_header":"","_tribe_default_ticket_provider":"","_tribe_ticket_capacity":"0","_ticket_start_date":"","_ticket_end_date":"","_tribe_ticket_show_description":"","_tribe_ticket_show_not_going":false,"_tribe_ticket_use_global_stock":"","_tribe_ticket_global_stock_level":"","_global_stock_mode":"","_global_stock_cap":"","_tribe_rsvp_for_event":"","_tribe_ticket_going_count":"","_tribe_ticket_not_going_count":"","_tribe_tickets_list":"[]","_tribe_ticket_has_attendee_info_fields":false,"footnotes":"","_tec_slr_enabled":"","_tec_slr_layout":""},"class_list":["post-40","page","type-page","status-publish","hentry"],"ticketed":false,"_links":{"self":[{"href":"https:\/\/wilsoncoelho.praxis.pro.br\/index.php\/wp-json\/wp\/v2\/pages\/40","targetHints":{"allow":["GET"]}}],"collection":[{"href":"https:\/\/wilsoncoelho.praxis.pro.br\/index.php\/wp-json\/wp\/v2\/pages"}],"about":[{"href":"https:\/\/wilsoncoelho.praxis.pro.br\/index.php\/wp-json\/wp\/v2\/types\/page"}],"author":[{"embeddable":true,"href":"https:\/\/wilsoncoelho.praxis.pro.br\/index.php\/wp-json\/wp\/v2\/users\/1"}],"replies":[{"embeddable":true,"href":"https:\/\/wilsoncoelho.praxis.pro.br\/index.php\/wp-json\/wp\/v2\/comments?post=40"}],"version-history":[{"count":9,"href":"https:\/\/wilsoncoelho.praxis.pro.br\/index.php\/wp-json\/wp\/v2\/pages\/40\/revisions"}],"predecessor-version":[{"id":401,"href":"https:\/\/wilsoncoelho.praxis.pro.br\/index.php\/wp-json\/wp\/v2\/pages\/40\/revisions\/401"}],"wp:attachment":[{"href":"https:\/\/wilsoncoelho.praxis.pro.br\/index.php\/wp-json\/wp\/v2\/media?parent=40"}],"curies":[{"name":"wp","href":"https:\/\/api.w.org\/{rel}","templated":true}]}}