{"id":287,"date":"2022-01-27T20:58:23","date_gmt":"2022-01-27T23:58:23","guid":{"rendered":"https:\/\/wilsoncoelho.praxis.pro.br\/?page_id=287"},"modified":"2023-09-28T23:00:20","modified_gmt":"2023-09-29T02:00:20","slug":"encontros","status":"publish","type":"page","link":"https:\/\/wilsoncoelho.praxis.pro.br\/index.php\/encontros\/","title":{"rendered":"Encontros"},"content":{"rendered":"<p><img decoding=\"async\" src=\"https:\/\/pt.praxis.pro.br\/wp-content\/uploads\/2023\/09\/WhatsApp-Image-2023-09-28-at-22.05.36.jpeg\" \/><\/p>\n<p><strong>Balc\u00f3n de los Santos. Santa Clara Del Mar &#8211; 28\/09\/2019<\/strong><\/p>\n<p>&nbsp;<\/p>\n<p><img decoding=\"async\" src=\"https:\/\/pt.praxis.pro.br\/wp-content\/uploads\/2023\/09\/WhatsApp-Image-2023-09-28-at-22.21.59.jpeg\" \/><\/p>\n<p><strong>Escrever Literatura para Reescrever o Brasil &#8211; 19\/03<\/strong><\/p>\n<p>&nbsp;<\/p>\n<p><img loading=\"lazy\" decoding=\"async\" class=\"alignnone size-full wp-image-288\" src=\"https:\/\/wilsoncoelho.praxis.pro.br\/wp-content\/uploads\/2022\/01\/WhatsApp-Image-2022-01-27-at-13.23.10.jpeg\" alt=\"\" width=\"1040\" height=\"780\" srcset=\"https:\/\/wilsoncoelho.praxis.pro.br\/wp-content\/uploads\/2022\/01\/WhatsApp-Image-2022-01-27-at-13.23.10.jpeg 1040w, https:\/\/wilsoncoelho.praxis.pro.br\/wp-content\/uploads\/2022\/01\/WhatsApp-Image-2022-01-27-at-13.23.10-300x225.jpeg 300w, https:\/\/wilsoncoelho.praxis.pro.br\/wp-content\/uploads\/2022\/01\/WhatsApp-Image-2022-01-27-at-13.23.10-1024x768.jpeg 1024w, https:\/\/wilsoncoelho.praxis.pro.br\/wp-content\/uploads\/2022\/01\/WhatsApp-Image-2022-01-27-at-13.23.10-768x576.jpeg 768w\" sizes=\"auto, (max-width: 1040px) 100vw, 1040px\" \/><\/p>\n<p><strong>Inaugura\u00e7\u00e3o da Casa do Teatro Amador, em 13 de mar\u00e7o de 1991. <\/strong><\/p>\n<p>O projeto foi criado por Oscar Niemeyer para atender aos anseios da Confedera\u00e7\u00e3o Nacional de Teatro Amador \u2013 Confenata.<br \/>\nDe p\u00e9: Wertemberg Nunes (GO), Nivaldo Ramos (DF), Carlos Augusto (DF), Kuka Matos (BA) e Romildo Moreira (PE)<br \/>\nAgachados: Nilson Rodrigues (DF), Dida Pereira (PE), Wilson Co\u00ealho (ES), Nell (BA) e Altino Barros (GO).<\/p>\n<p>&nbsp;<\/p>\n<p><strong><img decoding=\"async\" src=\"https:\/\/pt.praxis.pro.br\/wp-content\/uploads\/2023\/09\/WhatsApp-Image-2023-09-28-at-22.50.34.jpeg\" \/><\/strong><\/p>\n<p><strong>Com Egon Wolff (Chile) e Santiago Garc\u00eda (Col\u00f4mbia), em Barcelona (1991),<\/strong> num intervalo do III Simp\u00f3sio Intenacional da Hist\u00f3ria do Teatro &#8211; O Teatro N\u00e3o-Aristot\u00e9lico.<\/p>\n<p>&nbsp;<\/p>\n<p><img loading=\"lazy\" decoding=\"async\" class=\"alignnone size-full wp-image-289\" src=\"https:\/\/wilsoncoelho.praxis.pro.br\/wp-content\/uploads\/2022\/01\/WhatsApp-Image-2022-01-27-at-13.27.31.jpeg\" alt=\"\" width=\"960\" height=\"720\" srcset=\"https:\/\/wilsoncoelho.praxis.pro.br\/wp-content\/uploads\/2022\/01\/WhatsApp-Image-2022-01-27-at-13.27.31.jpeg 960w, https:\/\/wilsoncoelho.praxis.pro.br\/wp-content\/uploads\/2022\/01\/WhatsApp-Image-2022-01-27-at-13.27.31-300x225.jpeg 300w, https:\/\/wilsoncoelho.praxis.pro.br\/wp-content\/uploads\/2022\/01\/WhatsApp-Image-2022-01-27-at-13.27.31-768x576.jpeg 768w\" sizes=\"auto, (max-width: 960px) 100vw, 960px\" \/><\/p>\n<p><strong>Almo\u00e7o com Arrabal aos 03\/02\/2013, em Paris.<\/strong><\/p>\n<p>Thieri Foulc (escritor franc\u00eas e R\u00e9gistrateur de l&#8217;Ordre do Coll\u00e8ge de Pataphysique), Fulvio Abbate (escritor, cineasta e cr\u00edtico de arte italiano), Fernando Arrabal (dramaturgo e poeta espanhol), Wilson Co\u00ealho (dramaturgo e escritor brasileiro) e Diego Bard\u00f3n (toreiro p\u00e2nico espanhol) entre um vinho e outro no almo\u00e7o com Arrabal aos 03-02-2013, em Paris.<\/p>\n<p>&nbsp;<\/p>\n<p><img decoding=\"async\" src=\"https:\/\/pt.praxis.pro.br\/wp-content\/uploads\/2023\/09\/WhatsApp-Image-2023-09-28-at-22.26.18.jpeg\" \/><\/p>\n<p><strong>Wilson Co\u00ealho defende cria\u00e7\u00e3o do Conselho &#8211; 29\/9\/1989<\/strong><\/p>\n","protected":false},"excerpt":{"rendered":"<p> <a class=\"more-link\" href=\"https:\/\/wilsoncoelho.praxis.pro.br\/index.php\/encontros\/\">Leia mais&#8230; &raquo;<\/a><\/p>\n","protected":false},"author":1,"featured_media":0,"parent":0,"menu_order":0,"comment_status":"closed","ping_status":"closed","template":"","meta":{"_price":"","_stock":"","_tribe_ticket_header":"","_tribe_default_ticket_provider":"","_tribe_ticket_capacity":"0","_ticket_start_date":"","_ticket_end_date":"","_tribe_ticket_show_description":"","_tribe_ticket_show_not_going":false,"_tribe_ticket_use_global_stock":"","_tribe_ticket_global_stock_level":"","_global_stock_mode":"","_global_stock_cap":"","_tribe_rsvp_for_event":"","_tribe_ticket_going_count":"","_tribe_ticket_not_going_count":"","_tribe_tickets_list":"[]","_tribe_ticket_has_attendee_info_fields":false,"footnotes":"","_tec_slr_enabled":"","_tec_slr_layout":""},"class_list":["post-287","page","type-page","status-publish","hentry"],"ticketed":false,"_links":{"self":[{"href":"https:\/\/wilsoncoelho.praxis.pro.br\/index.php\/wp-json\/wp\/v2\/pages\/287","targetHints":{"allow":["GET"]}}],"collection":[{"href":"https:\/\/wilsoncoelho.praxis.pro.br\/index.php\/wp-json\/wp\/v2\/pages"}],"about":[{"href":"https:\/\/wilsoncoelho.praxis.pro.br\/index.php\/wp-json\/wp\/v2\/types\/page"}],"author":[{"embeddable":true,"href":"https:\/\/wilsoncoelho.praxis.pro.br\/index.php\/wp-json\/wp\/v2\/users\/1"}],"replies":[{"embeddable":true,"href":"https:\/\/wilsoncoelho.praxis.pro.br\/index.php\/wp-json\/wp\/v2\/comments?post=287"}],"version-history":[{"count":10,"href":"https:\/\/wilsoncoelho.praxis.pro.br\/index.php\/wp-json\/wp\/v2\/pages\/287\/revisions"}],"predecessor-version":[{"id":485,"href":"https:\/\/wilsoncoelho.praxis.pro.br\/index.php\/wp-json\/wp\/v2\/pages\/287\/revisions\/485"}],"wp:attachment":[{"href":"https:\/\/wilsoncoelho.praxis.pro.br\/index.php\/wp-json\/wp\/v2\/media?parent=287"}],"curies":[{"name":"wp","href":"https:\/\/api.w.org\/{rel}","templated":true}]}}

<p><img decoding="async" src="https://pt.praxis.pro.br/wp-content/uploads/2023/09/WhatsApp-Image-2023-09-28-at-22.05.36.jpeg" /></p>
<p><strong>Balcón de los Santos. Santa Clara Del Mar &#8211; 28/09/2019</strong></p>
<p>&nbsp;</p>
<p><img decoding="async" src="https://pt.praxis.pro.br/wp-content/uploads/2023/09/WhatsApp-Image-2023-09-28-at-22.21.59.jpeg" /></p>
<p><strong>Escrever Literatura para Reescrever o Brasil &#8211; 19/03</strong></p>
<p>&nbsp;</p>
<p><img loading="lazy" decoding="async" class="alignnone size-full wp-image-288" src="https://wilsoncoelho.praxis.pro.br/wp-content/uploads/2022/01/WhatsApp-Image-2022-01-27-at-13.23.10.jpeg" alt="" width="1040" height="780" srcset="https://wilsoncoelho.praxis.pro.br/wp-content/uploads/2022/01/WhatsApp-Image-2022-01-27-at-13.23.10.jpeg 1040w, https://wilsoncoelho.praxis.pro.br/wp-content/uploads/2022/01/WhatsApp-Image-2022-01-27-at-13.23.10-300x225.jpeg 300w, https://wilsoncoelho.praxis.pro.br/wp-content/uploads/2022/01/WhatsApp-Image-2022-01-27-at-13.23.10-1024x768.jpeg 1024w, https://wilsoncoelho.praxis.pro.br/wp-content/uploads/2022/01/WhatsApp-Image-2022-01-27-at-13.23.10-768x576.jpeg 768w" sizes="auto, (max-width: 1040px) 100vw, 1040px" /></p>
<p><strong>Inauguração da Casa do Teatro Amador, em 13 de março de 1991. </strong></p>
<p>O projeto foi criado por Oscar Niemeyer para atender aos anseios da Confederação Nacional de Teatro Amador – Confenata.<br />
De pé: Wertemberg Nunes (GO), Nivaldo Ramos (DF), Carlos Augusto (DF), Kuka Matos (BA) e Romildo Moreira (PE)<br />
Agachados: Nilson Rodrigues (DF), Dida Pereira (PE), Wilson Coêlho (ES), Nell (BA) e Altino Barros (GO).</p>
<p>&nbsp;</p>
<p><strong><img decoding="async" src="https://pt.praxis.pro.br/wp-content/uploads/2023/09/WhatsApp-Image-2023-09-28-at-22.50.34.jpeg" /></strong></p>
<p><strong>Com Egon Wolff (Chile) e Santiago García (Colômbia), em Barcelona (1991),</strong> num intervalo do III Simpósio Intenacional da História do Teatro &#8211; O Teatro Não-Aristotélico.</p>
<p>&nbsp;</p>
<p><img loading="lazy" decoding="async" class="alignnone size-full wp-image-289" src="https://wilsoncoelho.praxis.pro.br/wp-content/uploads/2022/01/WhatsApp-Image-2022-01-27-at-13.27.31.jpeg" alt="" width="960" height="720" srcset="https://wilsoncoelho.praxis.pro.br/wp-content/uploads/2022/01/WhatsApp-Image-2022-01-27-at-13.27.31.jpeg 960w, https://wilsoncoelho.praxis.pro.br/wp-content/uploads/2022/01/WhatsApp-Image-2022-01-27-at-13.27.31-300x225.jpeg 300w, https://wilsoncoelho.praxis.pro.br/wp-content/uploads/2022/01/WhatsApp-Image-2022-01-27-at-13.27.31-768x576.jpeg 768w" sizes="auto, (max-width: 960px) 100vw, 960px" /></p>
<p><strong>Almoço com Arrabal aos 03/02/2013, em Paris.</strong></p>
<p>Thieri Foulc (escritor francês e Régistrateur de l&#8217;Ordre do Collège de Pataphysique), Fulvio Abbate (escritor, cineasta e crítico de arte italiano), Fernando Arrabal (dramaturgo e poeta espanhol), Wilson Coêlho (dramaturgo e escritor brasileiro) e Diego Bardón (toreiro pânico espanhol) entre um vinho e outro no almoço com Arrabal aos 03-02-2013, em Paris.</p>
<p>&nbsp;</p>
<p><img decoding="async" src="https://pt.praxis.pro.br/wp-content/uploads/2023/09/WhatsApp-Image-2023-09-28-at-22.26.18.jpeg" /></p>
<p><strong>Wilson Coêlho defende criação do Conselho &#8211; 29/9/1989</strong></p>
